t g(z) = -z**3 + 9*z**2 - 14*z + 39. Calculate g(8).
-9
Let i(y) = y**3 - 31*y**2 + 88*y - 90. Calculate i(28).
22
Let q(i) = -2*i**2 - 26*i + 119. What is q(4)?
-17
Let s(y) = 5*y**2 + 174*y - 409. Give s(-37).
-2
Let o(i) = -2*i**3 - 24*i**2 + 37*i + 344. Calculate o(-12).
-100
Let g(c) = -5*c**2 - 4*c + 100. Give g(4).
4
Let b(j) = -365*j + 13140. What is b(36)?
0
Let v(u) = -39*u - 61. Determine v(-7).
212
Let m(c) = 1106*c - 40935. Give m(37).
-13
Let u(l) = -l**3 + l**2 + 652*l + 36. Give u(-25).
-14
Let s(f) = f**2 + 18*f + 114. Calculate s(-12).
42
Let n(w) = w**3 - 27*w**2 + 60*w + 4. What is n(3)?
-32
Let j(v) = 35*v - 560. Calculate j(16).
0
Let z(u) = -13*u - 21. Give z(-2).
5
Let o(c) = -31*c**2 - 69*c - 24. Determine o(-2).
-10
Let h(j) = 2*j**3 + 9*j**2 + 15*j + 13. Determine h(-2).
3
Let z(s) = -361*s + 5409. What is z(15)?
-6
Let w(o) = -195*o + 12943. Give w(66).
73
Let l(k) = -207*k + 27156. What is l(131)?
39
Let g(o) = -75*o - 19266. Give g(-257).
9
Let x(j) = -j**3 - 78*j**2 - 236*j - 1002. What is x(-75)?
-177
Let v(f) = 36*f**2 + 136*f - 11. Determine v(-3).
-95
Let r(x) = -156*x - 9197. Calculate r(-59).
7
Let n(q) = -42*q - 660. Calculate n(-10).
-240
Let x(v) = -10*v**3 - 19*v**2 - 5*v + 1. What is x(-2)?
15
Let x(b) = b**2 - 15*b + 56. What is x(5)?
6
Let p(z) = 32*z**2 - 41*z + 136. Give p(3).
301
Let m(i) = -i**3 - 22*i**2 - 19*i - 43. Determine m(-21).
-85
Let c(n) = 30*n + 80. Determine c(-5).
-70
Let q(k) = -k**3 - 68*k**2 + 194*k - 1337. Determine q(-71).
12
Let r(n) = 250*n + 1214. Determine r(-5).
-36
Let b(d) = -45*d - 16. What is b(2)?
-106
Let l(f) = f**3 + 17*f**2 - 21*f - 8. Calculate l(-18).
46
Let r(c) = 66*c + 333. Calculate r(-8).
-195
Let r(p) = -214*p - 3218. Calculate r(-15).
-8
Let u(q) = -q**2 - 57*q - 229. Give u(-52).
31
Let f(x) = -x**2 - 36*x + 759. What is f(15)?
-6
Let r(b) = -37*b - 1989. Determine r(-53).
-28
Let h(f) = -f**3 - 93*f**2 + 323*f + 3359. Give h(-96).
-1
Let s(u) = -131*u - 1991. What is s(-16)?
105
Let y(n) = -n**3 - 13*n**2 - 104*n - 180. Determine y(-3).
42
Let q(u) = u**3 - 6*u**2 - 446*u + 2695. What is q(6)?
19
Let b(u) = -447*u + 8494. Give b(19).
1
Let t(s) = -s**2 - 246*s + 1783. Calculate t(7).
12
Let i(b) = -b**2 - 24*b + 150. What is i(-24)?
150
Let v(t) = 4029*t - 32228. Determine v(8).
4
Let n(o) = 6*o - 86. Give n(-8).
-134
Let l(a) = -7064*a + 141281. Calculate l(20).
1
Let b(y) = -y**3 - 24*y**2 - 31*y - 31. What is b(-23)?
153
Let i(l) = 76*l + 582. Determine i(-7).
50
Let m(r) = -r**2 + 3*r + 6802. What is m(-81)?
-2
Let j(k) = -k**3 - 15*k**2 - 2*k + 7. Determine j(-14).
-161
Let s(v) = -16*v + 326. What is s(19)?
22
Let x(c) = -287*c + 1319. What is x(5)?
-116
Let u(j) = j**3 - 9*j**2 + 5*j - 77. Determine u(10).
73
Let k(t) = 8*t - 34. Determine k(-8).
-98
Let p(m) = -68*m - 135. What is p(-3)?
69
Let o(v) = v**3 + 10*v**2 - 14*v - 138. What is o(-6)?
90
Let z(n) = 742*n - 295321. Calculate z(398).
-5
Let g(m) = 4*m**3 + 45*m**2 - 409*m - 15. Give g(6).
15
Let k(x) = x**3 + 4*x**2 - 44*x - 204. Give k(-6).
-12
Let n(m) = 53*m - 3696. Determine n(70).
14
Let p(u) = -220*u - 352. Give p(0).
-352
Let r(p) = -10*p**3 - 5*p**2 + 2*p - 13. Calculate r(-3).
206
Let l(d) = 2*d**2 + 42*d + 190. What is l(-5)?
30
Let y(h) = -10*h + 188. Give y(18).
8
Let x(z) = -z**2 - 82*z + 82. Determine x(1).
-1
Let z(a) = 16*a**2 - 95*a + 97. What is z(1)?
18
Let w(z) = -4987*z - 9979. What is w(-2)?
-5
Let b(y) = y**3 + 37*y**2 - 54*y - 595. Determine b(-38).
13
Let x(o) = -o**2 - 22*o + 4915. Calculate x(60).
-5
Let v(m) = -647*m + 18764. Give v(29).
1
Let d(u) = -74*u - 1071. Calculate d(-16).
113
Let z(o) = -39*o + 552. Give z(15).
-33
Let x(v) = 9*v - 136. Give x(26).
98
Let b(i) = -31*i**2 - 994*i - 76. Give b(-32).
-12
Let u(f) = f**3 + 21*f**2 - 44*f + 52. Give u(-23).
6
Let b(j) = -3*j**3 + 3*j**2 + j + 17. Give b(3).
-34
Let q(p) = 7*p**2 - 146*p + 251. Calculate q(19).
4
Let i(l) = l**3 + 11*l**2 - 5*l - 25. What is i(-10)?
125
Let x(o) = o**3 + 85*o**2 - 334*o - 91. Give x(4).
-3
Let g(p) = -p**3 - 10*p**2 + 174*p + 73. Calculate g(-19).
16
Let q(z) = -z**2 - 124*z - 1342. Give q(-112).
2
Let p(w) = -w**2 - 43. Calculate p(-9).
-124
Let g(s) = -s**3 - 8*s**2 + 38*s + 45. Calculate g(-11).
-10
Let d(v) = 17*v - 509. Calculate d(29).
-16
Let g(r) = 2*r**3 - 31*r**2 + 43*r - 29. Determine g(14).
-15
Let a(r) = -r**3 - r**2 + 19*r - 4. Give a(4).
-8
Let d(w) = -5*w**3 + 12*w**2 - 2*w + 6. Determine d(3).
-27
Let m(v) = 3*v**3 - 31*v**2 + 50*v - 2. Determine m(8).
-50
Let a(b) = -172*b - 2411. Determine a(-14).
-3
Let z(o) = o - 260. Determine z(69).
-191
Let s(p) = -10*p**3 - 38*p**2 - 9*p - 58. What is s(-4)?
10
Let y(v) = -52*v**2 + 2803*v + 277. What is y(54)?
7
Let i(o) = -o**3 - 10*o**2 + 29*o + 27. Calculate i(-13).
157
Let w(c) = 863*c - 9493. Determine w(11).
0
Let f(c) = 3*c**3 - 8*c**2 - 6*c + 4. What is f(4)?
44
Let w(q) = 572*q - 28033. Calculate w(49).
-5
Let c(m) = m**3 + 10*m**2 - 22*m + 42. Give c(-13).
-179
Let l(w) = 7*w**2 - 1256*w + 550. Calculate l(179).
13
Let k(s) = 6547*s - 6534. Give k(1).
13
Let q(s) = 160*s - 90. Give q(-1).
-250
Let n(a) = a**3 + 19*a**2 + 57*a + 25. What is n(-15)?
70
Let r(u) = -u**2 - 42*u - 231. Calculate r(-31).
110
Let p(w) = -125*w - 6629. Give p(-53).
-4
Let b(p) = -p**2 - 109*p - 4. Give b(0).
-4
Let z(s) = -s**3 + 46*s**2 - 255*s + 10. What is z(7)?
136
Let p(m) = m**2 + 401*m + 12449. Give p(-34).
-29
Let s(o) = -403*o - 2969. Give s(-7).
-148
Let r(t) = -t**2 - 13*t - 1. Determine r(-15).
-31
Let g(b) = 4*b**2 + 47*b - 191. Give g(-15).
4
Let y(u) = -u**2 - 4210*u + 25289. Calculate y(6).
-7
Let a(b) = b**3 + 3*b**2 + 28*b - 20. Determine a(4).
204
Let v(d) = 3*d**3 + 273*d**2 + 4410*d - 5. What is v(-70)?
-5
Let t(f) = 9*f**2 + 60*f + 415. What is t(-8)?
511
Let f(p) = 291*p + 961. Give f(-3).
88
Let y(r) = -31*r**2 - 155*r + 20. Give y(-6).
-166
Let y(h) = -46*h**2 - 12*h - 16. Determine y(-1).
-50
Let d(i) = -i**2 + 5704*i + 39984. Calculate d(-7).
7
Let i(q) = q**3 - 7*q**2 + 9*q - 9. Calculate i(4).
-21
Let s(r) = 16*r**2 + 64*r + 31. Calculate s(-7).
367
Let i(f) = f**2 + 35*f + 141. Determine i(-33).
75
Let l(i) = -9*i**2 + 258*i - 581. Calculate l(26).
43
Let h(b) = -35*b + 330. Determine h(0).
330
Let y(w) = w**2 - 96*w - 76. Calculate y(94).
-264
Let j(o) = 900*o - 4509. Give j(5).
-9
Let b(c) = 104*c - 996. Give b(10).
44
Let l(b) = 92*b - 4232. Calculate l(47).
92
Let k(q) = -39*q**3 - 11*q + 10. What is k(1)?
-40
Let h(d) = -2*d**2 + 210*d - 5344. Give h(43).
-12
Let r(h) = 473*h + 8462. Determine r(-18).
-52
Let v(o) = -2*o**3 + 16*o**2 - 10*o + 4. Give v(6).
88
Let y(l) = l**3 - 173*l**2 + 52*l - 9032. Determine y(173).
-36
Let v(f) = -16*f + 25. Give v(4).
-39
Let l(s) = s**3 - 49*s**2 + 36*s + 2700. Determine l(47).
-26
Let d(s) = 3872*s + 100685. Determine d(-26).
13
Let l(d) = d**3 + 33*d**2 + 50*d + 583. Determine l(-32).
7
Let u(s) = -18*s**2 - 5*s + 1. Determine u(-3).
-146
Let q(k) = k**2 - 41*k + 455. What is q(19)?
37
Let n(m) = 19*m**2 - 876*m + 76. What is n(46)?
-16
Let u(b) = 329*b - 9. Give u(1).
320
Let y(r) = -r**3 - 33*r**2 + 40*r + 7. Give y(-34).
-197
Let u(a) = 32*a + 550. Give u(-17).
6
Let r(c) = 15*c**3 + 26*c**2 - 96*c - 177. Determine r(-2).
-1
Let c(a) = 181*a - 196. Determine c(1).
-15
Let b(x) = -x**2 + 185*x - 4693. Determine b(30).
-43
Let b(r) = r**2 + 34*r + 173. Determine b(-22).
-91
Let h(k) = k**3 - 92*k**2 - 7688*k + 430. Give h(145).
-5
Let s(o) = 200*o - 43. Calculate s(1).
157
Let t(c) = c**2 + 53*c - 2274. What is t(28)?
-6
Let n(v) = -34*v**2 + 4*v - 3. Calculate n(1).
-33
Let k(u) = u**3 - 187*u**2 + 7931*u - 128. Calculate k(122).
-6
Let q(m) = 62*m**2 + 4713*m + 81. Determine q(-76).
5
Let m(r) = -5*r**2 - 163*r + 379. Give m(-34).
141
Let z(w) = -2*w**3 + 49*w**2 + 134*w + 138. Calculate z(27).
111
Let x(d) = 2*d**3 - 2*d**2 + 99*d + 55. Calculate x(0).
55
Let m(u) = -u**2 + 44*u + 313. What is m(48)?
121
Let j(w) = -w**2 + 125*w - 843. What is j(7)?
-17
Let l(c) = 17*c - 208. Give l(12).
-4
Let u(d) = 3*d**3 - 117*d**2 + 4*d - 226. What is u(39)?
-70
Let h(b) = -247*b - 2278. What is h(-9)?
-55
Let q(v) = -v**2 + 14*v - 50. Determine q(10).
-10
